{"id":1675,"date":"2010-12-15T15:44:22","date_gmt":"2010-12-15T15:44:22","guid":{"rendered":"http:\/\/localhost\/wordpress\/?page_id=4"},"modified":"2025-11-08T10:49:22","modified_gmt":"2025-11-08T10:49:22","slug":"mi-cv","status":"publish","type":"page","link":"https:\/\/disensoconsentido.com\/?page_id=1675","title":{"rendered":"Presentaci\u00f3n"},"content":{"rendered":"\n<p>Despu\u00e9s de una larga y gratificante trayectoria profesional, me encuentro en una nueva etapa:<strong> la jubilaci\u00f3n<\/strong>. Pero esta <strong>no es una pausa, sino una oportunidad para explorar y compartir las pasiones que siempre me han impulsado<\/strong>.<\/p>\n\n\n\n<p>Durante d\u00e9cadas, he tenido el privilegio de acompa\u00f1ar a familias y personas en momentos de cambio y desaf\u00edo. Desde mis inicios como psicoterapeuta de grupos de padres y escuelas de familia en Arag\u00f3n hasta mi trabajo en la Fundaci\u00f3n Centro de Solidaridad de Zaragoza (C.S.Z.), he explorado las din\u00e1micas relacionales desde una perspectiva sist\u00e9mica, buscando siempre entender los conflictos y facilitar soluciones constructivas.<\/p>\n\n\n\n<p>Mi formaci\u00f3n continua en terapia sist\u00e9mica, mediaci\u00f3n y resoluci\u00f3n de conflictos me ha permitido abordar una amplia gama de desaf\u00edos: desde problemas familiares y adicciones hasta conflictos sociales y organizacionales. Como psicoterapeuta familiar reconocido por asociaciones profesionales y mediador del Ministerio de Justicia, he tenido el honor de trabajar con personas en diversos contextos.<\/p>\n\n\n\n<p>Ahora, con tiempo para reflexionar, quiero compartir mis ideas y experiencias a trav\u00e9s de la escritura. Explorar\u00e9 temas que me apasionan: las complejidades de la vida familiar, los desaf\u00edos de la comunicaci\u00f3n, la importancia de la empat\u00eda y la b\u00fasqueda de soluciones creativas ante el conflicto.<\/p>\n\n\n\n<p>En estas p\u00e1ginas, ofrecer\u00e9 reflexiones, an\u00e1lisis y perspectivas sobre el bienestar emocional, la resiliencia familiar, la gesti\u00f3n del estr\u00e9s, los desaf\u00edos de la comunicaci\u00f3n en la era digital,etc. Lo que tiene que ver con apoyo, orientaci\u00f3n y terapia familiar, pensamientos motivacionales, etc. lo podr\u00e1s ver: <a href=\"https:\/\/luisvilasbuendia.es\">https:\/\/luisvilasbuendia.es<\/a><\/p>\n\n\n\n<p>Tambi\u00e9n recogeremos aquellas aportaciones que hemos ido presentando tanto en el blog personal como en otras redes sociales.<\/p>\n\n\n\n<p>Agradezco profundamente a todos los que han confiado en m\u00ed durante estos a\u00f1os y espero seguir compartiendo ideas con vosotros en esta nueva etapa.<\/p>\n\n\n\n<p><\/p>\n","protected":false},"excerpt":{"rendered":"<p>Despu\u00e9s de una larga y gratificante trayectoria profesional, me encuentro en una nueva etapa: la jubilaci\u00f3n. Pero esta no es una pausa, sino una oportunidad para explorar y compartir las pasiones que siempre me han impulsado. Durante d\u00e9cadas, he tenido el privilegio de acompa\u00f1ar a familias y personas en momentos de cambio y desaf\u00edo. Desde [&hellip;]<\/p>\n","protected":false},"author":2,"featured_media":0,"parent":0,"menu_order":1,"comment_status":"open","ping_status":"closed","template":"","meta":{"footnotes":""},"class_list":["post-1675","page","type-page","status-publish","hentry"],"jetpack_sharing_enabled":true,"jetpack_likes_enabled":true,"_links":{"self":[{"href":"https:\/\/disensoconsentido.com\/index.php?rest_route=\/wp\/v2\/pages\/1675","targetHints":{"allow":["GET"]}}],"collection":[{"href":"https:\/\/disensoconsentido.com\/index.php?rest_route=\/wp\/v2\/pages"}],"about":[{"href":"https:\/\/disensoconsentido.com\/index.php?rest_route=\/wp\/v2\/types\/page"}],"author":[{"embeddable":true,"href":"https:\/\/disensoconsentido.com\/index.php?rest_route=\/wp\/v2\/users\/2"}],"replies":[{"embeddable":true,"href":"https:\/\/disensoconsentido.com\/index.php?rest_route=%2Fwp%2Fv2%2Fcomments&post=1675"}],"version-history":[{"count":2,"href":"https:\/\/disensoconsentido.com\/index.php?rest_route=\/wp\/v2\/pages\/1675\/revisions"}],"predecessor-version":[{"id":1687,"href":"https:\/\/disensoconsentido.com\/index.php?rest_route=\/wp\/v2\/pages\/1675\/revisions\/1687"}],"wp:attachment":[{"href":"https:\/\/disensoconsentido.com\/index.php?rest_route=%2Fwp%2Fv2%2Fmedia&parent=1675"}],"curies":[{"name":"wp","href":"https:\/\/api.w.org\/{rel}","templated":true}]}}